 y and w?
6
Let l(w) = -w**3 + 15*w**2 + w + 13. Let x be l(15). Let o be (18/(-2) + 2)/(-1). What is the greatest common factor of o and x?
7
Let i be 3 + 0 + -2 + 30. Suppose -4*s - j + i - 7 = 0, 19 = s - 3*j. What is the greatest common divisor of s and 21?
7
Let n = 12 + -18. Let v(z) = -37*z + 4. Let j be v(n). Suppose -2*b - 72 + j = 0. Calculate the highest common divisor of 7 and b.
7
Let m = 28 - 17. What is the greatest common factor of m and 1?
1
Suppose r + 32 - 11 = 0. Let d = -11 - r. What is the greatest common factor of 5 and d?
5
Suppose -5*d - 2*o = -918, -4*o + 8 + 8 = 0. What is the greatest common divisor of 26 and d?
26
Let t(v) be the third derivative of v**5/60 - v**4/12 + v**3/6 + v**2. Let r be t(3). Suppose -4*o - r = -48. Calculate the highest common divisor of 11 and o.
11
Suppose -6*t + 2*t + 152 = 0. Calculate the highest common factor of 19 and t.
19
Suppose 0*o = -2*o + 64. What is the greatest common divisor of 16 and o?
16
Let b(l) = -13*l - 15. Let f be b(-5). Calculate the greatest common factor of 20 and f.
10
Suppose 4*h = -0*h. Suppose -3*s - 3*c = -39, 4*c - 25 = -s - h*c. Calculate the highest common divisor of s and 99.
9
Suppose -2*q - 4*d = -4*q + 142, 0 = 4*q - d - 270. Let p = 137 - q. What is the greatest common factor of 14 and p?
14
Let t = -22 + 35. What is the highest common factor of 91 and t?
13
Let t = -4 + 16. Suppose -54 = -4*b + b. What is the greatest common divisor of t and b?
6
Suppose 97 = 3*c - 92. Suppose 0 = 3*x - 4*p + 6*p - 33, x = 3*p. What is the highest common divisor of c and x?
9
Suppose g + 2*g - 15 = 0. Suppose 0 = g*p - 21 - 19. Let t be (24/5)/((-1)/(-5)). Calculate the greatest common divisor of p and t.
8
Suppose 2*g = -3*w - 514, -2*w = g - 3*g - 534. Let s = -47 - g. What is the highest common factor of s and 27?
27
Let b be 9/6*12/9. Suppose -b*q + 312 = q. Calculate the highest common factor of 13 and q.
13
Suppose 0 = -2*u - 4*u + 306. Calculate the highest common divisor of 17 and u.
17
Suppose -35 = -5*h - 3*f, -3*h + 40 = 2*f - 4*f. What is the greatest common divisor of 170 and h?
10
Suppose 7*a + 55 = 447. Calculate the highest common divisor of a and 70.
14
Let y be 1 + (-4)/(8/(-34)). Let g = -12 + y. Let o = 7 - g. What is the highest common divisor of o and 4?
1
Let s = 68 + -40. Let r(i) = i + 2. Let c be r(5). What is the highest common divisor of c and s?
7
Let y = -9 - -13. Let p be 0*(0 + 2/y). Let m(n) = n**3 + 30. Let g be m(p). Calculate the highest common divisor of g and 12.
6
Suppose -4*m + 0*m + c + 11 = 0, -17 = -5*m - 2*c. Let r be -1*(-1 + -9*m). Suppose 2 = 3*j - r. Calculate the highest common divisor of j and 1.
1
Suppose -f + 12 = -186. Suppose 110 = 125*w - 120*w. What is the highest common divisor of w and f?
22
Let o be -34*(2 - 10/4). Let r(m) = m**2 + m - 5. Let p be r(7). Calculate the highest common factor of o and p.
17
Suppose 4 = -2*a - 0. Let z = a - -1. Let i(w) = -25*w**3 - w**2 + w + 1. Let o be i(z). Calculate the highest common factor of o and 60.
12
Let n(o) be the second derivative of o**3/3 - 5*o**2/2 + 2*o. Let i be n(7). Let w = i + -6. What is the highest common factor of w and 3?
3
Suppose x + 12 = 3*x. Calculate the highest common factor of 9 and x.
3
Let s be (74/4)/(8/16). Suppose -s = -3*t + 2*o, -3*t + 3*o + 30 + 3 = 0. Calculate the greatest common divisor of t and 135.
15
Let a(s) = 8*s**2 + 4*s + 2 - 2*s - 2. Let q be a(2). Calculate the greatest common divisor of 12 and q.
12
Let l(k) = 3*k - 4. Let h be l(6). What is the highest common divisor of 14 and h?
14
Suppose h - 11 - 5 = 0. Suppose 105 + 103 = 13*f. What is the greatest common factor of f and h?
16
Let g be (-95 - 1)*10/(280/(-21)). Calculate the highest common factor of 8 and g.
8
Suppose 3*r = -35 - 10. Let g(t) = -4*t + 14. Let z be g(11). Let q = r - z. What is the greatest common divisor of q and 3?
3
Let m be 3 - 1/(1 + -2). Suppose -2*n - 164 = -m*s, -2*s + 4*n + 75 + 13 = 0. Calculate the greatest common factor of 16 and s.
8
Suppose 4*n + 12 = -5*k, 0*n + 5*n - 2*k - 18 = 0. Suppose -3 = -n*s + s. Suppose -s*p + 0*p + 30 = 0. Calculate the highest common factor of 10 and p.
10
Let c be (5 + -1)/4*198/2. What is the greatest common factor of 11 and c?
11
Let v = -3 - 1. Let z be (-3 + (-14)/v)*-2. Let o = z + 14. What is the greatest common factor of o and 117?
13
Let b be (10/4)/(1/22). What is the highest common factor of b and 22?
11
Let n be 2/(2 + -4 + 1). Let o = n - -3. Calculate the greatest common factor of 2 and o.
1
Let t = -118 - -172. Calculate the highest common factor of 36 and t.
18
Suppose -4*w + 2*a - 4 = 0, -2*w - 2 = 4*a - 8*a. Let o be -1 + w + 0 - -10. Suppose 4*l = 187 - 27. Calculate the greatest common divisor of l and o.
8
Suppose 0 = -0*h + 4*h - 256. Let g = 64 - 30. Let m = g - 18. What is the highest common factor of m and h?
16
Suppose -3*a + 1 = -2. Let r(n) = n**3 + n**2 + n + 7. Let l be r(0). Calculate the greatest common factor of l and a.
1
Suppose -5*k = 2*q - 133, 23 + 11 = 2*k - 4*q. Calculate the highest common divisor of k and 5.
5
Let i be (-6 - (-3 + 2))/(-1). Suppose i*q - 500 = 500. What is the highest common factor of 20 and q?
20
Let q be 12*(-2)/12*-4. Let r = 0 + q. Calculate the highest common factor of 20 and r.
4
Let w(l) = -l**2 - 10*l + 1. Let y be w(-6). Calculate the highest common divisor of 50 and y.
25
Suppose 3*h - 9 = -4*f, 0*h + 2*f - 22 = -4*h. Let i be h - -1*4/2. Let p be (1/(-1))/1 - -7. What is the highest common divisor of p and i?
3
Suppose s = 2*s - 5. Suppose -10*h + s*h + 100 = 0. What is the highest common divisor of 4 and h?
4
Suppose -3*w + b = -85, -5*w + 184 = b + 53. Suppose -118 - 151 = -5*t + u, t - 5*u = 49. Calculate the highest common divisor of t and w.
27
Let p be (20 - 0) + 2 - 3. Calculate the greatest common divisor of p and 19.
19
Let t be 76/(-2)*(-1)/2. Calculate the highest common divisor of 19 and t.
19
Suppose 0 = -z + m + 338, 66 = z + 2*m - 266. Suppose 0 = -y + 5*y - z. Calculate the greatest common factor of 12 and y.
12
Let s = -288 + 491. Calculate the highest common divisor of s and 29.
29
Let j(v) = 2*v**2 + 2*v + 5. Suppose 4*b - 5*h - 37 = 0, -5*b + 3 = 4*h + 8. Let m = b + -8. Let l be j(m). Calculate the greatest common factor of 5 and l.
5
Let t(z) = -z**2 + 8*z - 4. Let l be t(6). Let c be (5 + -1)*(1 - 0). Suppose 96 = c*y - 0*y. Calculate the highest common factor of l and y.
8
Let y be -4 + 760/3 - 2/(-3). Calculate the greatest common factor of 25 and y.
25
Let u be 2/5 - (-23)/5. Suppose -4*m = b - u, -4*b + 6 = m + 1. Suppose 4*h = 3*c + 21, h + h + 2*c = 28. What is the highest common factor of h and m?
1
Let d(r) be the second derivative of 1/2*r**2 - r + 1/6*r**3 + 0*r**4 - 3/5*r**5 + 0. Let n be d(-1). What is the highest common factor of n and 108?
12
Let y(o) = -o**2 + 15*o - 14. Let w be y(14). Suppose 12 = 2*l - w*l. Calculate the greatest common divisor of l and 54.
6
Suppose -4*q = -0*q - 352. Calculate the greatest common factor of q and 8.
8
Let v(p) = -p + 20. Let q be v(9). Suppose -9 - 13 = -2*j. Calculate the highest common divisor of q and j.
11
Let g = 114 + -39. Calculate the highest common factor of g and 15.
15
Suppose 0 = 4*y + 13 - 193. Let j = 9 - y. Let h be (-2)/(-9) - 64/j. What is the highest common factor of h and 6?
2
Let j = -41 - -58. What is the greatest common factor of j and 153?
17
Let m(l) = 2*l - 33. Let d be m(19). What is the highest common factor of d and 5?
5
Let q be -11 + 13 - (-2 + 1). Suppose -4*j - 56 = -s + 6*s, 3*s = 3*j - 39. Let f = s + 21. Calculate the greatest common factor of f and q.
3
Let f(i) = -i - 5. Let p(q) = -5*q - 24. Let z(u) = -11*f(u) + 2*p(u). Let k be z(-9). Let j be k*(2/(-2) - 4). What is the highest common factor of j and 50?
10
Let b = 13 + 5. What is the highest common factor of b and 27?
9
Suppose 2*f - 2 = 0, -5*f + 92 = 5*w + 17. Let b(t) = -t + 5. Let y be b(6). Let c(i) = 35*i**2. Let x be c(y). What is the highest common divisor of w and x?
7
Let s be (0 - 242/6)*-3. Let j(y) = -y - 1. Let v be j(1). Let g be (11/v)/(2/(-4)). Calculate the highest common factor of g and s.
11
Let b be 9 + 1/(-2)*-2. Let s be 25*(-4 + 0)/(-4). What is the 